 + 61. Give o(6).
1
Let i(p) = p**2 + p + 30. Calculate i(0).
30
Let b(h) = -7*h - 228. Calculate b(-31).
-11
Let q(c) = -2*c**2 + 9*c - 9. Determine q(6).
-27
Let x(i) = -i**3 + 13*i**2 - 29*i + 11. Determine x(10).
21
Let x(z) = -3*z - 8. Calculate x(-4).
4
Let h(z) = -z**2 + 20*z - 80. Calculate h(5).
-5
Let b(f) = -f**2 - 22*f + 139. Determine b(-27).
4
Let f(s) = -s**3 + 12*s**2 + 12*s. Determine f(13).
-13
Let y(t) = 26*t - 74. Give y(3).
4
Let o(h) = h**2 + 2*h + 1. Calculate o(-2).
1
Let g(r) = -r**2 - 10*r + 5. What is g(-11)?
-6
Let z(s) = -2*s + 6. Give z(9).
-12
Let z(a) = -2*a**2 + 2*a + 4. Give z(4).
-20
Let f(l) = l. What is f(0)?
0
Let p(s) = s**3 - 55*s**2 - 115*s + 51. Calculate p(57).
-6
Let z(s) = -s**2 - 33*s - 37. What is z(-32)?
-5
Let l(d) = 3*d - 21. Give l(8).
3
Let a(o) = o**2 + 37*o + 132. Determine a(-33).
0
Let u(k) = -2*k**3 - 8*k**2 + 2*k - 10. Give u(-6).
122
Let o(i) = 9*i**2 - 2*i - 1. What is o(-2)?
39
Let h(i) = 2*i**3 + 6*i**2 + 5*i - 2. What is h(-2)?
-4
Let p(o) = 12*o - 3. What is p(-6)?
-75
Let p(o) = 2*o**3 + 4*o**2 - 5*o + 2. Calculate p(-4).
-42
Let n(p) = p**3 - 15*p**2 - 8*p - 137. Give n(16).
-9
Let d(x) = x**2 + 14*x - 352. Determine d(13).
-1
Let g(p) = p**2 - 8*p + 5. Determine g(8).
5
Let h(b) = 32*b - 1. Calculate h(-1).
-33
Let q(h) = h**3 + 16*h**2 - 12*h + 93. Give q(-17).
8
Let f(j) = j**2 - 8*j + 20. Give f(6).
8
Let v(r) = 12*r - 180. Give v(15).
0
Let j(r) = -2*r + 7. What is j(-14)?
35
Let t(l) = l**3 + l**2 + l + 13. Calculate t(0).
13
Let d(o) = 6*o - 118. Give d(19).
-4
Let j(y) = -y**2 + 6*y - 2. Determine j(7).
-9
Let z(r) = -r**2 - 10*r - 9. Determine z(-4).
15
Let h(z) = -3*z - 9. Determine h(-9).
18
Let a(z) = 2*z**3 + 34*z**2 + z + 5. Determine a(-17).
-12
Let o(d) = -29*d**3 - 2*d**2 + 2*d - 1. Calculate o(1).
-30
Let v(i) = i**3 + 16*i**2 - 37*i - 39. What is v(-18)?
-21
Let t(j) = -j**3 - j**2 + 4*j + 3. Calculate t(-4).
35
Let l(k) = -2*k**2 + 48*k - 213. Determine l(18).
3
Let y(q) = -3*q**3 - 32*q**2 + 8*q - 26. Give y(-11).
7
Let q(t) = -4*t - 2. Give q(-2).
6
Let r(c) = -27*c + 22. Give r(-7).
211
Let g(f) = f**2 + 15*f + 30. What is g(-13)?
4
Let h(v) = v**3 + 3*v**2 - v - 1. Calculate h(-3).
2
Let p(l) = l + 4. Calculate p(-6).
-2
Let t(f) = f**2 + 5*f + 4. What is t(-5)?
4
Let k(q) = 7*q - 14. What is k(6)?
28
Let h(n) = n**2 + 8*n + 1. What is h(-6)?
-11
Let l(c) = 3*c + 62. Determine l(-17).
11
Let t(b) = -b**2 + 11*b + 29. What is t(14)?
-13
Let z(k) = -26*k + 361. Determine z(14).
-3
Let b(x) = 11*x + 2. Give b(6).
68
Let x(h) = h**2 - 9*h + 15. Calculate x(7).
1
Let v(p) = 2*p**3 + 11*p**2 + 2*p - 11. Determine v(-4).
29
Let g(n) = -2*n**2 - 3*n + 13. What is g(-3)?
4
Let f(c) = -7*c - 132. What is f(-19)?
1
Let z(b) = -b**2 + 3*b + 49. Calculate z(6).
31
Let s(f) = -2*f + 30. Determine s(18).
-6
Let o(u) = u**3 - 3*u**2 + u + 3. Calculate o(4).
23
Let l(c) = c - 21. What is l(12)?
-9
Let g(y) = -y**2 + 11. What is g(-5)?
-14
Let b(i) = -22*i + 1. Determine b(-2).
45
Let t(o) = o**3 + 4*o**2 - 9*o - 5. Calculate t(-4).
31
Let n(x) = x**2 + 6*x + 12. Give n(-5).
7
Let j(t) = -3*t - 4. Give j(15).
-49
Let j(q) = 44*q - 466. What is j(11)?
18
Let c(n) = -n**3 + 8*n**2 - 6*n + 31. Give c(9).
-104
Let h(r) = r**2 - 2*r - 74. Give h(10).
6
Let c(f) = -f**3 + 16*f**2 + f - 12. What is c(16)?
4
Let j(g) = -5*g**3 + 19*g**2 + 5*g. Calculate j(4).
4
Let s(y) = 4*y**3 + 4*y**2 + 2*y + 3. Determine s(-3).
-75
Let d(i) = 2*i + 7. What is d(-6)?
-5
Let w(r) = r + 18. Calculate w(-9).
9
Let c(r) = r**3 + 16*r**2 + 2. Determine c(-16).
2
Let n(f) = f**3 + f**2 - 3*f + 1. What is n(-4)?
-35
Let a(v) = -v**2 - 18*v - 16. Calculate a(-17).
1
Let v(p) = -2*p**2 - 15*p - 50. Give v(-6).
-32
Let q(g) = -2*g**3 - 3*g**2 - 2*g - 3. What is q(-2)?
5
Let t(i) = 3*i + 6. Determine t(4).
18
Let w(c) = 10*c - 13. Determine w(2).
7
Let w(o) = 4*o - 13. Calculate w(0).
-13
Let c(q) = q**3 + 10*q**2 - 13*q - 8. What is c(-11)?
14
Let j(d) = d**2 + 2*d - 2. Calculate j(-3).
1
Let o(l) = l**3 + 3*l**2 - 9*l + 4. What is o(-5)?
-1
Let z(c) = -c**3 + 9*c**2 + 14*c - 23. Calculate z(9).
103
Let x(i) = -i**3 - 7*i**2 + 12*i + 10. What is x(-8)?
-22
Let f(s) = -s**3 + 3*s - 6. Determine f(4).
-58
Let h(a) = a**2 + 24*a + 106. What is h(-8)?
-22
Let w(x) = x**3 + x**2 - x + 19. Give w(0).
19
Let x(z) = 7*z**2 - 98*z + 17. Calculate x(14).
17
Let g(v) = -v**3 + 8*v**2 - 12*v + 47. Calculate g(5).
62
Let i(r) = r**2 - 30*r - 1. Determine i(26).
-105
Let i(f) = -f**2 + f. What is i(-4)?
-20
Let c(x) = -x - 8. Give c(-12).
4
Let o(q) = q**2 - 6*q - 7. Give o(-1).
0
Let b(i) = -2*i**3 + 22*i**2 + 24*i - 4. What is b(12)?
-4
Let c(t) = t**3 - 22*t**2 - 25*t + 33. What is c(23)?
-13
Let s(y) = -5*y - 9. Give s(-3).
6
Let i(u) = u + 13. What is i(-9)?
4
Let c(f) = -f**3 + 3*f**2 + 3*f - 2. Determine c(3).
7
Let q(y) = y + 11. Calculate q(-8).
3
Let d(s) = -28*s**3 - 1. Give d(-1).
27
Let b(w) = 8*w + 19. Determine b(-8).
-45
Let w(y) = -2*y**2 + 10*y + 6. Calculate w(5).
6
Let w(a) = -a - 10. Give w(10).
-20
Let x(j) = j**3 + 11*j**2 - j - 21. Give x(-11).
-10
Let q(p) = 5*p + 10. What is q(6)?
40
Let s(r) = -r**3 + 12*r**2 - 7*r - 3. Determine s(12).
-87
Let i(w) = 32*w. Give i(2).
64
Let c(k) = k**3 + 6*k**2 + 3*k + 6. Determine c(-6).
-12
Let k(y) = -y**3 + 9*y**2 + 11. Calculate k(9).
11
Let n(j) = -8*j + 147. Calculate n(19).
-5
Let s(v) = v**2 + 31*v - 37. What is s(-32)?
-5
Let l(x) = -3*x**2 + 14*x - 25. Give l(5).
-30
Let w(l) = -2*l - 11. Determine w(7).
-25
Let w(u) = -7*u**2 - 2*u - 1. Calculate w(-1).
-6
Let q(l) = -l**2 - 15*l - 30. Calculate q(-12).
6
Let g(c) = -c**3 + 6*c**2 + 2*c - 3. Give g(5).
32
Let s(i) = -i - 77. What is s(-8)?
-69
Let f(p) = -p**3 - 26*p**2 + 29*p + 61. Determine f(-27).
7
Let p(f) = -4*f. What is p(-4)?
16
Let g(n) = -n**3 + 3*n**2 - 3*n + 6. What is g(3)?
-3
Let f(w) = -w**3 - 4*w**2 + 4*w - 4. Determine f(-4).
-20
Let l(u) = u**2 - 29*u - 27. What is l(30)?
3
Let m(d) = -d**2 - 10*d + 90. Determine m(-17).
-29
Let g(n) = -n**2 - 15*n - 12. What is g(-15)?
-12
Let k(c) = -c - 50. What is k(-26)?
-24
Let l(h) = -h**2 + 47*h - 372. What is l(37)?
-2
Let r(m) = 2*m**2 - 37*m - 149. Calculate r(22).
5
Let m(s) = -s**3 + 10*s**2 - s + 28. Determine m(10).
18
Let z(y) = 26*y**2 + y + 1. What is z(-1)?
26
Let w(s) = -s**3 + 7*s**2 - 4*s. Determine w(7).
-28
Let k(f) = f**2 - 6*f + 8. Give k(5).
3
Let l(y) = -8*y + 26. Calculate l(3).
2
Let b(i) = 13*i + 295. Give b(-24).
-17
Let g(n) = n**3 - 8*n**2 - 3*n - 15. Calculate g(8).
-39
Let r(b) = 11*b + 2. Determine r(1).
13
Let k(l) = l**2 + 10*l - 16. What is k(-11)?
-5
Let c(b) = -b**2 + 6*b + 7. Determine c(8).
-9
Let g(c) = c**3 - 4*c**2 - 9*c - 5. Give g(6).
13
Let a(h) = -3*h - 8. Calculate a(0).
-8
Let y(b) = -b**3 - 13*b**2 - 10*b - 15. Calculate y(-12).
-39
Let q(c) = c + 1. Calculate q(-2).
-1
Let u(b) = -31*b**2 - 13*b - 12. What is u(-1)?
-30
Let h(t) = t**2 - 14*t + 45. Give h(12).
21
Let y(l) = 2*l + 8. Calculate y(8).
24
Let t(x) = 4*x**2 + 24*x - 4. Give t(-6).
-4
Let u(x) = -4*x. Give u(2).
-8
Let h(v) = 2*v + 32. What is h(-12)?
8
Let x(i) = 12*i + 1. What is x(-1)?
-11
Let u(l) = -l**3 + 15*l**2 - 44*l - 3. Determine u(11).
-3
Let n(y) = -y**2 + 35*y + 125. Determine n(37).
51
Let a(j) = 6*j - 13. What is a(2)?
-1
Let s(j) = 65*j. Calculate s(1).
65
Let w(u) = 12*u - 81. What is w(6)?
-9
Let x(h) = -h**2 - 2*h - 1. Determine x(-1).
0
Let m(b) = b + 2. What is m(7)?
9
Let y(u) = u**2 + 13*u - 16. Give y(-14).
-2
Let c(t) = t**2 - 15*t - 9. What is c(13)?
-35
Let o(i) = -6*i - 34. Give o(-5).
-4
Let h(i) = -i - 23. Give h(-15).
-8
Let m(c) = 2*c**2 - 4*c - 1. What is m(3)?
5
Let h(i) = -i - 2. What is h(-6)?
4
Let w(q) = -5*q**2 + 2*q + 1. Give w(5).
-114
Let g(d) = 4*d**3 + 5*d**2 + 2*d + 3. Determine g(-2).
-13
Let k(j) = j**3 - 5*j**2 - 13*j + 28. Give k(7).
35
Let g(p) = p**2 + 9*p + 5. Determine g(-7).
-9
Let a(c) = 38*c**2 - 7*c + 8. Determine a(1).
39
Let x(s) = s**3 - 7*s**2 + 3*s - 6. What is x(7)?
15
Let h(w) = -w**2 - w + 3. Calculate h(-3).
-3
Let g(m) = -m**2 - 18*m + 2. Determine g(-19).
-17
Let u(d) = d**3 + 6*d**2 + 6*d + 15. Give u(-6).
-21
Let r(d) = 62*d - 184. Calculate r(3).
2
Let s